{"id":12,"date":"2014-12-27T17:17:39","date_gmt":"2014-12-27T17:17:39","guid":{"rendered":"http:\/\/www.annemangeon.com\/portrait-famille\/?page_id=12"},"modified":"2016-03-08T11:25:08","modified_gmt":"2016-03-08T11:25:08","slug":"temoignages","status":"publish","type":"page","link":"http:\/\/www.annemangeon.com\/portrait-famille\/temoignages\/","title":{"rendered":"TEMOIGNAGES"},"content":{"rendered":"<h2 style=\"text-align: center;\">T\u00c9MOIGNAGES<\/h2>\n<hr \/>\n<div id=\"masonry_141\" class=\"masonry_container masonry_column_3 masonry_with_title_desc\"><ul class=\"masonry_items\"><li class=\"masonry_item\"><div class=\"masonry_item_image\"><a href=\"http:\/\/www.annemangeon.com\/portrait-famille\/christelle-alban-paul-temoignage\/\" title=\"Lien permanent pour CHRISTELLE, ALBAN &#038; PAUL\"><img src=\"http:\/\/www.annemangeon.com\/portrait-famille\/wp-content\/uploads\/sites\/3\/strikingr\/images\/225_T\u00e9moignage-photographe-Nancy-Anne-Mangeon-Photographe_05-470.jpg\" alt=\"CHRISTELLE, ALBAN &#038; PAUL\" \/><span class=\"masonry_item_image_overlay\"><\/span><\/a><\/div><h4 class=\"masonry_item_title\"><a href=\"http:\/\/www.annemangeon.com\/portrait-famille\/christelle-alban-paul-temoignage\/\" rel=\"bookmark\" title=\"Lien permanent pour CHRISTELLE, ALBAN &#038; PAUL\">CHRISTELLE, ALBAN &#038; PAUL<\/a><\/h4><div class=\"masonry_item_desc\"><p>T\u00c9MOIGNAGE \u00a0 \u00ab\u00a0Cette s\u00e9ance photo en famille \u00e9tait un cadeau de mon \u00e9pouse pour f\u00eater mon anniversaire. Plut\u00f4t timide, j\u2019\u00e9tais ravi de cette id\u00e9e mais je ressentais tout de m\u00eame une certaine appr\u00e9hension.\u00a0\u00a0Anne a su nous mettre \u00e0 l\u2019aise par sa gentillesse et ses pr\u00e9cieux conseils. Cette s\u00e9ance photo reste pour moi une merveilleuse exp\u00e9rience &#8230;<\/p>\n<\/div><\/li><li class=\"masonry_item\"><div class=\"masonry_item_image\"><a href=\"http:\/\/www.annemangeon.com\/portrait-famille\/claire-maxime-lucien-madeleine\/\" title=\"Lien permanent pour CLAIRE, MAXIME, LUCIEN &#038; MADELEINE\"><img src=\"http:\/\/www.annemangeon.com\/portrait-famille\/wp-content\/uploads\/sites\/3\/strikingr\/images\/226_T\u00e9moignage-photographe-Nancy-Anne-Mangeon-Photographe_07-470.jpg\" alt=\"CLAIRE, MAXIME, LUCIEN &#038; MADELEINE\" \/><span class=\"masonry_item_image_overlay\"><\/span><\/a><\/div><h4 class=\"masonry_item_title\"><a href=\"http:\/\/www.annemangeon.com\/portrait-famille\/claire-maxime-lucien-madeleine\/\" rel=\"bookmark\" title=\"Lien permanent pour CLAIRE, MAXIME, LUCIEN &#038; MADELEINE\">CLAIRE, MAXIME, LUCIEN &#038; MADELEINE<\/a><\/h4><div class=\"masonry_item_desc\"><p>T\u00c9MOIGNAGE \u00ab\u00a0Cette 2\u00e8me grossesse sera peut-\u00eatre la derni\u00e8re, et nous avions envie d&rsquo;immortaliser cette merveilleuse p\u00e9riode : un corps qui change et qui s&rsquo;\u00e9panouit, un petit gar\u00e7on qui devient grand fr\u00e8re, une famille qui se construit&#8230; Nous avions envie de photos naturelles et simples, \u00e0 notre image, et Anne l&rsquo;a tr\u00e8s bien compris. Un doux &#8230;<\/p>\n<\/div><\/li><li class=\"masonry_item\"><div class=\"masonry_item_image\"><a href=\"http:\/\/www.annemangeon.com\/portrait-famille\/emilie-jean-michel-arthur-oceane-temoignage\/\" title=\"Lien permanent pour EMILIE, JEAN-MICHEL, ARTHUR &#038; OC\u00c9ANE\"><img src=\"http:\/\/www.annemangeon.com\/portrait-famille\/wp-content\/uploads\/sites\/3\/strikingr\/images\/224_T\u00e9moignage-photographe-Nancy-Anne-Mangeon-Photographe_01-470.jpg\" alt=\"EMILIE, JEAN-MICHEL, ARTHUR &#038; OC\u00c9ANE\" \/><span class=\"masonry_item_image_overlay\"><\/span><\/a><\/div><h4 class=\"masonry_item_title\"><a href=\"http:\/\/www.annemangeon.com\/portrait-famille\/emilie-jean-michel-arthur-oceane-temoignage\/\" rel=\"bookmark\" title=\"Lien permanent pour EMILIE, JEAN-MICHEL, ARTHUR &#038; OC\u00c9ANE\">EMILIE, JEAN-MICHEL, ARTHUR &#038; OC\u00c9ANE<\/a><\/h4><div class=\"masonry_item_desc\"><p>T\u00c9MOIGNAGE \u00a0 \u00ab\u00a0La premi\u00e8re fois que j&rsquo;ai contact\u00e9 Anne c\u2019\u00e9tait par coup de c\u0153ur pour son univers, sa fa\u00e7on de sublimer les gens et les lieux et je souhaitais immortaliser des moments en famille autour de mes deux enfants et de mon mari. J\u2019\u00e9tais loin de me douter que la s\u00e9ance que nous allions passer &#8230;<\/p>\n<\/div><\/li><\/ul><script>\n\tjQuery(document).ready(function($){\n\t\tvar container = $('#masonry_141').addClass('masonry_isotope');\n\n\t\tcontainer.imagesLoaded(function(){\n\t\t\tcontainer.children('ul').isotope({\n\t\t\t\titemSelector: '.masonry_item',\n\t\t\t\tlayoutMode: 'masonry',\n\t\t\t\tmasonry: {\n\t\t\t\t\tgutter: 20\n\t\t\t\t}\n\t\t\t});\n\t\t});\n\t});\n<\/script><\/div>\n<p>&nbsp;<\/p>\n","protected":false},"excerpt":{"rendered":"<p>T\u00c9MOIGNAGES &nbsp;<\/p>\n","protected":false},"author":1,"featured_media":0,"parent":0,"menu_order":0,"comment_status":"open","ping_status":"closed","template":"","meta":[],"_links":{"self":[{"href":"http:\/\/www.annemangeon.com\/portrait-famille\/wp-json\/wp\/v2\/pages\/12"}],"collection":[{"href":"http:\/\/www.annemangeon.com\/portrait-famille\/wp-json\/wp\/v2\/pages"}],"about":[{"href":"http:\/\/www.annemangeon.com\/portrait-famille\/wp-json\/wp\/v2\/types\/page"}],"author":[{"embeddable":true,"href":"http:\/\/www.annemangeon.com\/portrait-famille\/wp-json\/wp\/v2\/users\/1"}],"replies":[{"embeddable":true,"href":"http:\/\/www.annemangeon.com\/portrait-famille\/wp-json\/wp\/v2\/comments?post=12"}],"version-history":[{"count":5,"href":"http:\/\/www.annemangeon.com\/portrait-famille\/wp-json\/wp\/v2\/pages\/12\/revisions"}],"predecessor-version":[{"id":281,"href":"http:\/\/www.annemangeon.com\/portrait-famille\/wp-json\/wp\/v2\/pages\/12\/revisions\/281"}],"wp:attachment":[{"href":"http:\/\/www.annemangeon.com\/portrait-famille\/wp-json\/wp\/v2\/media?parent=12"}],"curies":[{"name":"wp","href":"https:\/\/api.w.org\/{rel}","templated":true}]}}