{"id":1945,"date":"2015-01-03T15:12:48","date_gmt":"2015-01-03T15:12:48","guid":{"rendered":"http:\/\/www.annemangeon.com\/couple-mariage\/?page_id=1945"},"modified":"2015-01-22T13:44:08","modified_gmt":"2015-01-22T13:44:08","slug":"temoignages","status":"publish","type":"page","link":"http:\/\/www.annemangeon.com\/couple-mariage\/temoignages\/","title":{"rendered":"T\u00c9MOIGNAGES"},"content":{"rendered":"<h2 style=\"text-align: center;\">T\u00c9MOIGNAGES<\/h2>\n<p>&nbsp;<\/p>\n<hr \/>\n<div id=\"masonry_961\" class=\"masonry_container masonry_column_3 masonry_with_title_desc\"><ul class=\"masonry_items\"><li class=\"masonry_item\"><div class=\"masonry_item_image\"><a href=\"http:\/\/www.annemangeon.com\/couple-mariage\/noemie-gregoire-temoignage\/\" title=\"Lien permanent pour NO\u00c9MIE &#038; GR\u00c9GOIRE\"><img src=\"http:\/\/www.annemangeon.com\/couple-mariage\/wp-content\/uploads\/sites\/2\/strikingr\/images\/2610_Tem-No\u00e9mie-Gregoire_Mariage-470.jpg\" alt=\"NO\u00c9MIE &#038; GR\u00c9GOIRE\" \/><span class=\"masonry_item_image_overlay\"><\/span><\/a><\/div><h4 class=\"masonry_item_title\"><a href=\"http:\/\/www.annemangeon.com\/couple-mariage\/noemie-gregoire-temoignage\/\" rel=\"bookmark\" title=\"Lien permanent pour NO\u00c9MIE &#038; GR\u00c9GOIRE\">NO\u00c9MIE &#038; GR\u00c9GOIRE<\/a><\/h4><div class=\"masonry_item_desc\"><p>T\u00c9MOIGNAGE \u00ab\u00a0Choisir Anne a \u00e9t\u00e9 plut\u00f4t facile car j&rsquo;ai compar\u00e9 ses photos aux autres photographes nanc\u00e9iens et elles me correspondaient tout \u00e0 fait. Naturelles, color\u00e9es, sachant capter les petits moments d&rsquo;\u00e9motions fortes chez les mari\u00e9s et leurs invit\u00e9s.\u00a0Nous nous sommes rencontr\u00e9es plusieurs fois avant le mariage afin qu&rsquo;elle connaisse au mieux l&rsquo;organisation de la journ\u00e9e &#8230;<\/p>\n<\/div><\/li><li class=\"masonry_item\"><div class=\"masonry_item_image\"><a href=\"http:\/\/www.annemangeon.com\/couple-mariage\/rosi-sebastien-temoignage\/\" title=\"Lien permanent pour ROSI &#038; S\u00c9BASTIEN\"><img src=\"http:\/\/www.annemangeon.com\/couple-mariage\/wp-content\/uploads\/sites\/2\/strikingr\/images\/2611_Tem-Rosi-Seb-Mariage-470.jpg\" alt=\"ROSI &#038; S\u00c9BASTIEN\" \/><span class=\"masonry_item_image_overlay\"><\/span><\/a><\/div><h4 class=\"masonry_item_title\"><a href=\"http:\/\/www.annemangeon.com\/couple-mariage\/rosi-sebastien-temoignage\/\" rel=\"bookmark\" title=\"Lien permanent pour ROSI &#038; S\u00c9BASTIEN\">ROSI &#038; S\u00c9BASTIEN<\/a><\/h4><div class=\"masonry_item_desc\"><p>T\u00c9MOIGNAGE \u00ab\u00a0C\u2019est une belle histoire d\u2019amour et c\u2019est un mariage en accord avec elle que nous voulions. Ainsi, nous avons choisi de nous marier sous la b\u00e9n\u00e9diction du Bouddha.\u00a0Nous cherchions un photographe original pour immortaliser notre Union, et nos recherches nous ont port\u00e9 vers Anne. Son style concordait tout \u00e0 fait avec nous. Durant la &#8230;<\/p>\n<\/div><\/li><li class=\"masonry_item\"><div class=\"masonry_item_image\"><a href=\"http:\/\/www.annemangeon.com\/couple-mariage\/catherine-kevin-temoignage\/\" title=\"Lien permanent pour CATHERINE &#038; K\u00c9VIN\"><img src=\"http:\/\/www.annemangeon.com\/couple-mariage\/wp-content\/uploads\/sites\/2\/strikingr\/images\/2608_Tem-Catherine-Kevin_Mariage-470.jpg\" alt=\"CATHERINE &#038; K\u00c9VIN\" \/><span class=\"masonry_item_image_overlay\"><\/span><\/a><\/div><h4 class=\"masonry_item_title\"><a href=\"http:\/\/www.annemangeon.com\/couple-mariage\/catherine-kevin-temoignage\/\" rel=\"bookmark\" title=\"Lien permanent pour CATHERINE &#038; K\u00c9VIN\">CATHERINE &#038; K\u00c9VIN<\/a><\/h4><div class=\"masonry_item_desc\"><p>T\u00c9MOIGNAGE \u00ab\u00a0Nous avons \u00e9norm\u00e9ment\u00a0 appr\u00e9ci\u00e9 la disponibilit\u00e9 d&rsquo;Anne, sa discr\u00e9tion et son professionnalisme. Son travail est g\u00e9n\u00e9reux, elle a r\u00e9ellement cherch\u00e9 \u00e0 mieux nous connaitre, pour que ses photos refl\u00e8tent au mieux notre univers, nos sensibilit\u00e9s. Au lieu de nous imposer son propre style ou univers, Anne nous a propos\u00e9 des lieux, des id\u00e9es, mais &#8230;<\/p>\n<\/div><\/li><\/ul><script>\n\tjQuery(document).ready(function($){\n\t\tvar container = $('#masonry_961').addClass('masonry_isotope');\n\n\t\tcontainer.imagesLoaded(function(){\n\t\t\tcontainer.children('ul').isotope({\n\t\t\t\titemSelector: '.masonry_item',\n\t\t\t\tlayoutMode: 'masonry',\n\t\t\t\tmasonry: {\n\t\t\t\t\tgutter: 20\n\t\t\t\t}\n\t\t\t});\n\t\t});\n\t});\n<\/script><\/div>\n","protected":false},"excerpt":{"rendered":"<p>T\u00c9MOIGNAGES &nbsp;<\/p>\n","protected":false},"author":1,"featured_media":0,"parent":0,"menu_order":0,"comment_status":"open","ping_status":"open","template":"","meta":[],"_links":{"self":[{"href":"http:\/\/www.annemangeon.com\/couple-mariage\/wp-json\/wp\/v2\/pages\/1945"}],"collection":[{"href":"http:\/\/www.annemangeon.com\/couple-mariage\/wp-json\/wp\/v2\/pages"}],"about":[{"href":"http:\/\/www.annemangeon.com\/couple-mariage\/wp-json\/wp\/v2\/types\/page"}],"author":[{"embeddable":true,"href":"http:\/\/www.annemangeon.com\/couple-mariage\/wp-json\/wp\/v2\/users\/1"}],"replies":[{"embeddable":true,"href":"http:\/\/www.annemangeon.com\/couple-mariage\/wp-json\/wp\/v2\/comments?post=1945"}],"version-history":[{"count":10,"href":"http:\/\/www.annemangeon.com\/couple-mariage\/wp-json\/wp\/v2\/pages\/1945\/revisions"}],"predecessor-version":[{"id":3162,"href":"http:\/\/www.annemangeon.com\/couple-mariage\/wp-json\/wp\/v2\/pages\/1945\/revisions\/3162"}],"wp:attachment":[{"href":"http:\/\/www.annemangeon.com\/couple-mariage\/wp-json\/wp\/v2\/media?parent=1945"}],"curies":[{"name":"wp","href":"https:\/\/api.w.org\/{rel}","templated":true}]}}